1 + -4) - 8.
-5
Calculate -11 + 6 - (2 + -2) - -1.
-4
14 + -1 + -6 + -2
5
What is 1 - (-3 + 7 + -8 + 8)?
-3
Evaluate -4 + (11 - 8) - 6 - -1.
-6
Evaluate (-1 - 7) + (1 - -2).
-5
What is the value of 6 - (0 + 1 - 0) - -5?
10
Evaluate 1 + -3 + 7 + -1.
4
(-6 - (3 - 9)) + -5
-5
Calculate (-2 - 9) + 5 + 5 + -5.
-6
Calculate 6 - (-2 + 5 + -1).
4
What is the value of -5 + 1 + (-8 - -7)?
-5
What is the value of -1 - (-3 + -1 - (-7 - -5))?
1
What is the value of -1 + (1 - 3 - -8)?
5
What is the value of -1 - 2 - -1 - 1?
-3
16 + -14 + 1 + (-33 - -39)
9
What is (2 + 7 - (18 - 14)) + 0?
5
What is the value of -1 - 0 - (-6 - -10)?
-5
What is (-13 - (-6 - -1)) + 4?
-4
Calculate (-1 - -6) + (-8 - -7) + -9.
-5
What is 30 - 40 - (-5 + -3)?
-2
What is 11 + -15 - (1 + -7)?
2
Calculate 3 + ((4 - -2) + -8 - 0).
1
5 - (-5 - -10) - (13 + -14)
1
What is -4 - -1 - (-9 + 12 - 7)?
1
6 - 1 - (0 + 10)
-5
Evaluate -6 + 3 + (1 - -3) + -6.
-5
Evaluate 6 - (19 + (1 - 9)).
-5
Calculate -7 + (-7 - -14) + -4.
-4
What is 6 + -2 - (-1 + 15)?
-10
Evaluate 1 - (-2 - (-1 - (1 - 0))).
1
What is the value of -12 + 20 - (5 - (2 - -1))?
6
Evaluate (1 - -4) + (-3 - 3).
-1
What is the value of (4 - 3 - -2) + 6 + -10?
-1
What is -1 - 4 - (-13 - -10)?
-2
What is -1 + 4 + 0 + -12?
-9
-18 - (8 + -31 + 13)
-8
Calculate 11 - (-3 - -10 - (-7 - -8)).
5
0 - -5 - (27 + -24)
2
(4 - 1) + -21 + 11
-7
Calculate 2 + -9 + 1 + 4 + -4.
-6
0 + 5 + -2 - 0 - 0
3
2 + (0 - 2) + 3
3
5 - (1 - -2 - -7)
-5
(-3 - (-11 + 7)) + -1
0
What is the value of (-3 - 7) + (-14 - -18)?
-6
Evaluate -4 + (0 - -7 - -1).
4
What is the value of (2 - -2) + -1 - (-7 + 4)?
6
What is 5 + 15 + -14 + -1?
5
Evaluate 1 + -8 - -12 - 7.
-2
What is -4 - (-1 + (-1 - -5) + -9)?
2
1 + 0 + (2 + -3 - -4)
4
What is the value of -18 - -20 - (1 + 1 + -2)?
2
What is the value of (-6 - -1 - -4) + (1 - 0)?
0
Calculate 0 - 0 - (-4 + 2).
2
What is 10 - ((-21 - -14) + 6)?
11
1 + 2 + (2 - -2) + 3
10
What is 1 - 5 - (-40 + 39)?
-3
What is 3 + (-1 - (-4 + 2)) + 1?
5
0 - -2 - ((-12 - -3) + 8)
3
What is the value of 2 - -2 - (13 + -4)?
-5
Calculate ((-11 - -5) + 3 - 2) + 5.
0
2 - (17 - (8 + 3))
-4
What is 0 + (-2 + 9 - 3)?
4
What is 11 - (17 + 2 + 1)?
-9
-9 - (-7 + (-2 - -7))
-7
What is -5 + (2 + 0 - (0 - -1))?
-4
Evaluate 0 + 2 - (2 + (3 - 5)).
2
What is the value of (-2 - 1) + 4 - (7 + -9)?
3
Calculate 9 - (5 + 3) - (1 - -1).
-1
What is 3 + (0 - 1) + -6?
-4
(-2 - 0) + 5 - (-2 - -3)
2
Evaluate 7 + -4 + -1 + -2.
0
Calculate -6 + 11 - 3 - -2.
4
-3 + 6 + (1 - 4)
0
Calculate -4 + (16 - (6 - 5)) + -4.
7
What is (-1 - -4) + (4 - 7)?
0
What is the value of (1 - (7 + -1) - -10) + -7?
-2
Evaluate 25 + -23 - (0 - -1).
1
What is -6 - (4 + (-5 - 1))?
-4
Calculate 3 - (-7 + (21 - 6)).
-5
What is -2 + 1 + (-16 - -17) + -7?
-7
Calculate (-8 - (4 + -8)) + 8.
4
What is -3 + (-2 - -13) + (-7 - -2)?
3
Evaluate (-5 - 8) + 4 + 5.
-4
Evaluate (-4 + -1 - -4) + 2.
1
What is (3 + -4 - -2) + 3 + -4?
0
What is -5 + 0 + 2 + -1 + 0?
-4
What is -2 + -5 - (14 - (1 + 10))?
-10
What is -4 + (-5 - 0 - (30 + -39))?
0
Calculate (-3 + 1 - 1) + -1 + 0.
-4
What is the value of 5 - 0 - -6 - 20?
-9
What is the value of 3 + -5 + (0 - -4)?
2
Calculate 1 + 0 - (-20 - -22).
-1
What is the value of 11 + -1 + 17 + -15 + -5?
7
Evaluate 3 - (-2 + 2 + 3).
0
What is (-2 + 2 - -2) + 2?
4
What is the value of 1 + -4 + -2 + 3?
-2
0 - (4 - 1) - 2
-5
Calculate 3 - (-1 - -13) - -12.
3
Evaluate -3 - (24 + -27 - (2 + -1)).
1
(-17 + 20 - (-6 - -1)) + -4
4
Evaluate -2 + -2 + (-1 - 0).
-5
3 - (6 - 3) - 4
-4
What is the value of (0 - -1) + (-14 - -9 - -7)?
3
What is (-2 - -5) + -7 - -1?
-3
Calculate -19 + (-2 + 4 - -10).
-7
(-2 - -1) + -2 + 5 + -5
-3
What is the value of (-4 - -1) + -4 + 3?
-4
What is -5 - (2 + -3) - -1 - -7?
4
Calculate 9 + (3 - (1 + 7)) + -4.
0
What is -10 + 10 + -2 + -8 - -6?
-4
What is the value of -6 + 7 - 6 - (-5 + -1)?
1
What is -3 + (3 - 4) - -9?
5
What is the value of -1 - (-3 - (0 + -2))?
0
What is 0 - (2 - (7 - 2)) - -1?
4
What is 3 - (4 + -2) - -3?
4
What is the value of -2 + 27 + -10 - 10?
5
4 + (3 - (6 - (-2 - 0)))
-1
What is (-12 - -16 - (-3 + 2)) + -6?
-1
(5 - (5 - -2) - -10) + 2
10
What is -2 + (2 + -3 - 2)?
-5
Calculate 1 - -6 - (-168 - -168).
7
Calculate 17 + (-2 - 3) + -3 - 2.
7
Evaluate 0 + 4 + -1 - 1 - -2.
4
Calculate (-1 - 5) + 1 - (10 + -12).
-3
What is the value of (2 - 4 - (-3 - 1)) + 4?
6
What is the value of (3 - -1) + (73 - 82)?
-5
Evaluate 7 + -1 - (-10 - -14).
2
Evaluate -1 + -5 - (-350 - -352).
-8
Calculate (-4 - -5) + 4 + -2.
3
-4 + (-8 - -5) - -15 - 7
1
Evaluate (14 + -11 - (0 + 0)) + -1.
2
What is (0 - -2) + -1 + -2?
-1
What is the value of (3 - (12 + -5)) + -3 - -13?
6
What is the value of 7 + (4 - 3) + -3?
5
What is -8 + (4 - 2) + 2?
-4
Calculate 0 - (-3 + 7 + -3).
-1
Calculate -1 - (-4 + (-2 - -2) + 6).
-3
Evaluate (1 + (5 - 7) - -5) + -2.
2
-7 - (-9 - -6 - -2)
-6
Calculate (2 - (3 + 0)) + (2 - 7).
-6
(-6 - -3 - -2) + -4
-5
1 - -5 - (11 + (-23 - -9))
9
Calculate -7 + (8 - 4 - -1).
-2
What is (-1 - 6) + 5 + (0 - 0)?
-2
What is the value of (-4 - -4) + -15 + 10?
-5
What is 0 + (-8 - -1) + 3?
-4
Calculate 1 - 0 - (21 + -24).
4
0 + -4 + 3 + 2
1
What is the value of 3 - (-3 - (1 - 1) - -5)?
1
(0 - -2) + -14 - (-3 + -3)
-6
Calculate -3 - (3 + -3) - 0.
-3
Calculate 1 + 0 + -1 - 1.
-1
What is the value of 9 + (-8 - -2) + -3 + -1?
-1
What is the value of -8 - (7 + -11 + 7 + -7)?
-4
What is the value of -8 - (-8 + (-3 - -9))?
-6
-1 - (0 - (2 - -2))
3
-8 + 2 + 5 - -4
3
Calculate -5 - (-1 + (-8 - -5)).
-1
Calculate 4 + (-6 - ((2 - 13) + 2)).
7
What is -3 + 3 + -2 + (1 - -3)?
2
Calculate 2 - 8 - (2 + -6 + 3).
-5
Calculate 3 + -4 + 0 - (-25 + 21).
3
(0 - 1) + -15 + 14
-2
What is (1 - (10 + -4)) + 2?
-3
What is the value of (-3 - -1) + -2 + 11 + -3?
4
2 - (2 - 0) - (0 + 0)
0
Evaluate 2 - 4 - 9 - -6.
-5
What is the value of -2 + 2 + -4 + 3 - -3?
2
What is 5 + -2 + -2 + 1 - 3?
-1
(5 - 9 - -4) + -3
-3
0 + 3 + (-4 - -1)
0
Calculate -1 - (-3 - (1 - -1)).
4
Evaluate -3 + (11 - (-3 + 6)) + 0.
5
What is the value of -6 - ((-5 - -4) + -2)?
-3
Evaluate -1 + (8 - (-2 + 6)) + -3.
0
Calculate (3 - 1) + (6 - (4 + 0)).
4
Calculate (7 - 9) + (4 - -3).
5
What is 6 + 2 - 0 - 9?
-1
0 + 2 - (-51 + 58)
-5
What is (12 - (8 + -1)) + (0 - 0)?
5
Evaluate -4 + -2 + 17 + (7 - 11).
7
-290 - -295 - ((0 - -2) + -6)
9
What is -1 - (-2 - (2 + -6))?
-3
(2 - 2) + (-3 - (4 + -5))
-2
2 + -2 + 4 + (5 - 4)
5
Evaluate 4 + -3 + (6 - 3).
4
What is the value of 6 + (-1 - 9) - (-6 - -3)?
-1
Calculate -2 + (7 + -3 + -3 - 4).
-5
18 + -12 + 0 + 1
7
Evaluate (-12 - -9) + -3 + 13.
7
Calculate 1 + 2 - (-11 - -10).
4
Calculate (-5 - -11) + (-1 - 7).
-2
(2 - -2) + 5 + -24 + 8
-7
-2 - (-15 + 16 + (-3 - 4))
4
What is the value of 7 - (5 + (-1 - -1))?
2
(7 - (3 - 0) - -6) + -3
7
Evaluate (1 - (-4 - (5 - 5))) + -2.
3
What is the value of 0 + -4 + 6 - -3?
5
What is 12 - (7 + 0) - 3?
2
-3 + -1 + (56 - 49)
3
Calculate (0 - 1) + 54 + -50.
3
Evaluate 0 + 2 - (-6 - -9 - 6).
5
What is the value of -9 + 1 + (17 - (9 - 2))?
2
What is the value of 0 + -3 + -1 + -211 + 207?
-8
Calculate -7 - (-4 - (-8 - -9)).
-2
8 - (0 + 1 + 1 + 3)
3
(-2 - 1) + -2 + 0
-5
Evaluate 1 - (2 - (5 + (-5 - -3))).
2
Calculate 4 - (3 + -4 + 2).
3
Calculate -2 + -2 + 0 + (-7 - -9).
-2
Calculate (0 - 7) + 201 + -201.
-7
Evaluate 3 - (-1 - -2 - -5).
-3
What is the value of -4 - ((5 - 8 - -7) + -4)?
-4
What is 14 + -19 - -14 - 7?
2
What is the value of 1 - (8 - -4) - -15?
4
-2 - (-3 + 2 + 1 + -2)
0
Evaluate 12 + -10 + 2 - (-5 + 0).
9
Evaluate (-5 - 0) + (3 - 5).
-7
Calculate 5 - (-2 - -2) - 4 - -1.
2
What is 2 + 2 + (-13 - -7) - -7?
5
What is (-5 + 5 - 6) + 3 + 0?
-3
-1 + (-9 - 3 - -11)
-2
What is the value of -2 + (5 - 5) - -7?
5
Calculate -4 - ((-4 - -4) + -5).
1
Calculate (2 - 12) + (2 - -3) - -10.
5
What is the value of 2 + -6 + 2 - -6?
4
Evaluate 7 + (-5 - 0) + -2 - 2.
-2
What is the value of -3 + (-2 + 5 - -3)?
3
Calculate -1 - 0 - (1 - -5 - 3).
-4
What is the value of 5 - (9 + 2) - -8?
2
Calculate 6 - (-5 - (-2 - 7)).
2
What is the value of (6 - 5 - (-2 - -4)) + 2?
1
What is -6 + (-4 - -9) - 5?
-6
Evaluate -2 - 0 - (-7 - -9) - 2.
-6
What is -7 - (5 + 1 + -7) - 0?
-6
(0 - -6) + 43 + -45
4
What is 1 + -4 + -181 + 195?
11
What is the value of (-3 - 0 - -1) + 4 + 2?
4
Wh